 2140 = 9*x. Let o = x + 784. Let n(j) = -j**2 - 6*j + 3. Calculate n(o).
3
Suppose -2*d + 1 = y - 1, d + 19 = 2*y. Let j(h) = -3*h**3 - 4*h**3 + y - 3 + 6*h**3 + 4*h**2 + 0*h**3 - h. Calculate j(4).
1
Let t(z) = 15*z**2 + 86*z - 19*z**2 + 34 - 78*z. Calculate t(-3).
-26
Suppose -6*w - 84 = -10*w. Suppose d = -3*c + 49, w = c - 0*c - 2*d. Suppose c*g = 22*g + 10. Let i(u) = -u**3 + 2*u**2 + u. Determine i(g).
14
Let j(d) = 190 + 2*d**2 - 66 - 58 + 20*d**3 - 67. What is j(1)?
21
Suppose -312 = -5*i - 237. Suppose -i*m - 43 = -103. Let n(b) = b**2 - 9*b + 6. Give n(m).
-14
Let c(t) be the first derivative of t**2 + 19*t + 242. Suppose 36 = -4*b + 3*n, 4*b = 2*n - 0*n - 32. Determine c(b).
7
Suppose 3*f + 21 = 24. Let k(s) = -4*s + 5. Let d(t) = t. Let g(h) = f*k(h) + 5*d(h). Give g(-5).
0
Suppose -3*w = 2 - 14. Let m(j) be the first derivative of j**4/24 - j**3/3 + j**2/2 + 4*j + 21. Let d(b) be the second derivative of m(b). Calculate d(w).
2
Let s(k) = k**2 - 7*k - 4. Suppose -t = 1, 0 = -3*m + 14*t - 11*t + 12. Let y = 6 + m. Give s(y).
14
Let p(t) = -2*t**2 - 26*t + 467. Suppose -305 = 32*r - 625. What is p(r)?
7
Let b(s) = 14*s**2 - 28*s + 2*s**3 + 82*s - 52*s + 14. Give b(-7).
0
Let y be 9*((-2)/(-6) + -1). Let d(j) = -2*j + 128 - 349 + 216 - 6*j**2 - j**3. Calculate d(y).
7
Let d(f) = 2*f**2 + 6*f - 2. Let s(p) = p**3 + 9*p**2 - 10*p - 6. Let b(u) = u**3 - 15*u**2 - 23*u + 102. Let v be b(16). Let q be s(v). Give d(q).
34
Let z(b) be the second derivative of b**5/20 + b**4/3 + 11*b**3/3 + 73*b**2 - 3999*b. Give z(-5).
11
Let d(a) = 30*a - 19. Let l(o) = -44*o + 20. Let f(r) = 6*d(r) + 4*l(r). What is f(11)?
10
Let k(o) = -o**2 + 2*o + 6. Suppose -378 = -4*y + 1538. Let c = -476 + y. Calculate k(c).
3
Let c(y) = 2*y**3 - 147*y**2 - 228*y + 221. Let m be c(75). Let i(a) = 12*a + 12. Determine i(m).
-36
Let p(f) = f**3 - 5*f**2 - 8*f + 6. Let g be p(6). Let z(m) = -11*m**2 - 12*m - 50. Let k(w) = -5*w**2 - 6*w - 22. Let x(i) = -9*k(i) + 4*z(i). Calculate x(g).
-2
Let d(t) = -2*t**2 + 41*t + 12. Let z = 9938 + -9918. Calculate d(z).
32
Let b(z) = -z**3 - 6*z**2 - 24*z + 9. Let o be b(-12). Let r(g) = 13 - 8*g**2 + 3*g**3 + o*g - 4*g**3 - 1151*g. Determine r(-9).
4
Let a(h) = 6*h**3 - h**2 + 1. Let n(s) = -5*s**3 - 2*s**2 + 3*s + 4. Let i(u) = -a(u) - n(u). What is i(0)?
-5
Let k(t) = t**3 - 5*t**2 - t + 2. Suppose -2324 = -9*m - 5*m. Suppose -168*w + 10 = -m*w. Determine k(w).
-3
Let h(k) = -k**2 + 19*k - 64. Let y be h(12). Let z be (2 - 3)/(2/(-24)). Let l be (y/z)/((-46)/(-36) - 1). Let x(m) = -3*m. Give x(l).
-18
Let t(h) = 13*h - 5. Let q(m) = 11*m - 4. Suppose 0 = 15*n - 12*n + 18. Let w(l) = n*q(l) + 5*t(l). Determine w(1).
-2
Suppose 1251*q + 88 = 1240*q. Let o(g) = -g**3 - 10*g**2 - 16*g - 4. Give o(q).
-4
Let p(j) = -j**3 - 7*j**2 - 15*j - 47. Suppose -2*w = -5*c - 25, -207*c + 211*c = -2*w - 20. Determine p(c).
-22
Let m(v) = -v**2 - v + 25. Let y(w) = 2*w**2 - 49. Let c(u) = 13*m(u) + 6*y(u). Calculate c(-15).
1
Let s(v) = -2*v**2 + 14*v - 6. Let u = -1551 + 1558. What is s(u)?
-6
Let q(d) = -6*d**3 + 15*d**2 + 7*d + 32. Let k(w) = -5*w**3 + 14*w**2 + 6*w + 26. Let l(m) = -5*k(m) + 4*q(m). Calculate l(10).
-22
Let d(x) = -55*x - 2 - 219*x + 332*x - 59*x. Suppose v + 8 = -p - v, p = -5*v - 14. Let q(c) = c**2 + 5*c - 2. Let r be q(p). What is d(r)?
4
Let x(l) = 2*l + 4*l**2 + 6 + l**3 - 2*l**2 - 7*l**3 + 5*l**3 + 4*l**2. Calculate x(7).
-29
Let j(z) = 24 + 23 - 3951841*z - 2*z**2 + 3951868*z. What is j(15)?
2
Let u(r) = -3*r. Let g(v) = 2*v + 11 - 9*v**2 - 4 - 15*v - v**3 + v. Let p be g(-8). Let m = p + -33. Calculate u(m).
-18
Let b(a) = 27*a**2 - 1. Let f(i) be the second derivative of 1/4*i**4 - 32*i + 0 + 1/20*i**5 + 5/2*i**2 + 5/6*i**3. Let l be f(-2). Give b(l).
26
Let j(z) = -181 + 86 + 97 - z. Give j(-3).
5
Suppose 3*i - 111 = -0*i + 3*l, 4*i - 2*l - 144 = 0. Suppose 19*b + i = 12*b. Let f(x) = x**2 + 7*x + 1. Give f(b).
-9
Let h be 1 + -3 + (-25)/(-6 + 1). Suppose -j + h = 2*m, -j + 12 + 3 = 5*m. Let f(i) = 2 - 2*i**2 - 4*i**2 - 8*i + 5*i**2. What is f(j)?
17
Let n(s) = s**3 - 7*s**2 - 9*s - 1. Let a = 9323 - 9316. What is n(a)?
-64
Let v(b) = -3 - 2*b**3 + b**3 + 4*b**2 - 1. Let l(m) = 5*m - 2. Let n be l(6). Suppose -8*s = 4 - n. Give v(s).
5
Let l(g) = 10*g**3 + 71*g**2 - 12*g - 129. Let r be l(-7). Let t(u) = -2*u**2 - 3*u + 8. Calculate t(r).
-36
Let a(d) = 47*d - 4 - 45*d + 0*d + 0*d - d**3 - 3*d**2. What is a(-5)?
36
Let w be ((-585)/(-11) - 3) + 14/(-77). Let v be ((-2)/2)/((-5)/w*2). Let q(h) be the second derivative of h**3/6 - 2*h. Give q(v).
5
Let r = 17 - 2. Suppose -r = -29*b + 26*b. Let f(j) be the third derivative of -j**6/120 + j**5/12 + j**4/12 - 2*j**3/3 - 2*j**2. Give f(b).
6
Let j(y) be the third derivative of y**5/60 + 25*y**4/12 - 893*y**3/6 + 7074*y**2. Determine j(-64).
3
Let c(k) = -5 + 3 - 7*k**2 - 4*k**2 + 5*k**2 + 10*k**2 + 3*k. Suppose v - 6 = -1. Suppose -g + 2*x - 1 = 2*g, -g + 2*x = -v. Calculate c(g).
25
Suppose 2*t + n - 46 + 3 = 0, -2*n + 10 = 0. Let r(o) = -6*o + 119. What is r(t)?
5
Let u(c) = -824*c - 835. Let k be u(-1). Let z(d) = d**3 + 13*d**2 + 27*d + 49. Determine z(k).
-6
Let p(u) = -2*u**3 + 11*u**2 + 15*u - 95. Let g(c) = -3*c**3 + 25*c**2 + 30*c - 187. Let b(q) = -3*g(q) + 5*p(q). Determine b(-19).
10
Let y(s) = s**2 + 17*s - 7. Let h be y(-14). Let k(q) = q + 49. What is k(h)?
0
Let g(z) = 4*z**3 - 3*z**2 - 6*z - 5. Suppose 3*i - y = -21, -3*y = i - y. Let l(u) = 5*u**3 - 5*u**2 - 7*u - 6. Let f(d) = i*g(d) + 5*l(d). What is f(7)?
7
Let r(q) = -q**3 - 8 - 7*q**2 - 5*q + 8. Let o = -307 + 310. Suppose -3 = s + o. Calculate r(s).
-6
Let h(l) = -26 - 275*l + 544*l - 261*l. Give h(4).
6
Let c = -8 - -8. Let f(z) = c*z**2 + 3*z + z**2 + z**2 + 3*z + 5. Let l(p) = -4*p**2 - p - 1. Let u be l(-1). Give f(u).
13
Let k(w) be the third derivative of 1 - 1/6*w**3 - 1/120*w**6 + 1/12*w**4 + 0*w - 12*w**2 + 1/30*w**5. Give k(-2).
11
Let g(h) = 5*h**3 - 5*h - 1. Let u(x) = 6*x**3 + x**2 - 6*x - 1. Let y(j) = 4*g(j) - 3*u(j). Let f(l) = 32*l - 190. Let n be f(6). What is y(n)?
-1
Let n(z) = -11*z**3 - 17*z - 6*z**2 + 29*z**3 + 19*z - 19*z**3 - 6. Give n(-6).
-18
Let m(h) = h**2 - 4*h - 2. Let t be m(0). Let y(q) = -4*q**3 - q**2 - 3. Determine y(t).
25
Let h = 26649 - 26642. Let v(q) = -q**3 + 6*q**2 + 6*q + 8. Calculate v(h).
1
Let p(q) = 5*q**2 + 387*q - 1043. Let y be p(-80). Let b(z) = -4*z**3 + 5*z + 1. Determine b(y).
94
Let j be 1248/39 - (-1173)/(-51). Let i(q) be the first derivative of -q**2/2 + 2*q - 1. Calculate i(j).
-7
Let i(u) be the first derivative of u**3/3 + 3*u**2 + 2*u + 115. Suppose 3*b = -b - 28. What is i(b)?
9
Let u(y) be the first derivative of y**3/3 + 7*y**2 + 30*y - 5176. What is u(-10)?
-10
Let n(d) = -309 - 338 + 39*d + 682 - d**2. Determine n(40).
-5
Let t = -9 + 2. Let i(y) be the second derivative of 2 - 10*y - 7/6*y**3 + 3*y**2 - 2/3*y**4 - 1/20*y**5. Give i(t).
6
Let j(z) = 8*z - 6. Let s(k) = -k**3 + 4*k**2 + 4. Let y(h) = h**3 + 5*h**2 - 7*h - 2. Let f be y(-6). Let r be s(f). Calculate j(r).
26
Let y be 126/(-567) - (-274)/18. Let f(a) = -a**3 + 15*a**2 + 2*a - 15. What is f(y)?
15
Let h = -47 + 62. Suppose -h*u + 33 = -4*u. Let p(m) = 4*m - 11. Let w(z) = -2*z + 6. Let l(s) = -3*p(s) - 5*w(s). Give l(u).
-3
Let c(r) = -r**2 - 6*r + 31. Let z be c(-9). Let u be 3 - (2 + z) - -2*2. Let w(o) = -13*o - 1. Calculate w(u).
-14
Let d(r) be the second derivative of -1/6*r**3 + 0 - 15/2*r**2 + 23*r. Let l(i) = i + 15. Let m(t) = -7*d(t) - 6*l(t). Give m(-10).
5
Let b be (3367/(-312) - -12) + 2 + -3. Let o(q) be the third derivative of 0*q**3 + 1/120*q**6 - b*q**4 - 41*q**2 + 0 + 0*q + 1/15*q**5. Give o(-5).
0
Let a(t) be the first derivative of -t**3/3 + 11*t**2/2 - t + 323. Suppose 0*c = -2*c + 20. Determine a(c).
9
Let p(n) = -n + 1. Let t be p(1). Let u(v) = -27*v - 46. Let j(g) = 34*g + 59. Let s(y) = 4*j(y) + 5*u(y). Give s(t).
6
Let z(s) = s + 16. Let y(f) = 5 - 319*f + 320*f + 2. Let l(h) = 13*y(h) - 6*z(h). Determine l(4).
23
Let r(d) be the first derivative of -d**4/4 - 5*d**3 + 15*d**2/2 - 9*d + 47. Calculate r(-16).
7
Let a(p) be the second derivative of 1/20*p**5 + 4/3*p**3 + 0 + 7/2*p**2 + 188*p + 7/12*p**4. Calculate a(-6).
-5
Suppose -2*